. What is the tens digit of c?
3
Let z(y) = 4*y**2 + y - 1. Let n be z(1). Suppose u - 70 = -n*u. What is the units digit of u?
4
Suppose 4*y = -3*x + y, -2*x = y - 2. Suppose 2*j = -a + 6, -2*j - 5*a + 0 = -14. What is the units digit of (x - 4) + (16 - j)?
2
Suppose w - 4 = -1. Let z = 9 - w. What is the units digit of z?
6
Let h(c) = -c - 4*c**3 + 1 + 5*c**3 + c - 8*c**2. Let j be h(8). What is the tens digit of (j - 0)*1 + 11?
1
Let j(q) = 10*q**3 + q**2 - q. What is the tens digit of j(1)?
1
Let t be 1 + -2*(-2 + 1). Let s(h) = h**2 + h - 4. Let q be s(t). Suppose 5*a + 3*w = -10, 3*a - q = 4*w + 15. What is the units digit of a?
1
Suppose 9*l - 20*l = -506. What is the tens digit of l?
4
Let s(j) = 4*j**2 + j. Let f be s(2). Suppose -r + 4*r = f. Let l(k) = -k**3 + 5*k**2 + 6*k + 8. What is the units digit of l(r)?
8
What is the units digit of 14*5/10 - -2?
9
Suppose 0 = -4*k + 5 + 7. Suppose -k*f = -5*f. Suppose 3*u - 24 + f = 0. What is the units digit of u?
8
Suppose 3*g - 4*g - 3*y = -11, 2*g - 3*y - 58 = 0. What is the tens digit of g?
2
Let z(j) = 6*j**2 - 1. Suppose 7*q = 3*q + 12. What is the tens digit of z(q)?
5
Suppose 0 = -2*o - o + 15. Suppose 13 = o*b - 47. What is the units digit of b?
2
What is the tens digit of (-36)/10*100/(-8)?
4
Let a(c) = -c**2 - 11*c - 13. Let m be a(-9). Suppose -j = -6*j + m. What is the units digit of -2 - (-23 - j) - -1?
3
Let o = 619 - 299. What is the hundreds digit of o?
3
Suppose -2*m = -3*f - 65, 2*m - 5*f - 175 = -3*m. What is the units digit of 10/(-20)*m/(-1)?
0
Suppose -5*q + 735 = -2*h, 3*q - 485 = -4*h - 44. What is the units digit of q?
7
Let m = -4 + 8. Suppose x - 40 = -r, 52 = 2*r - r + m*x. Suppose 3*b + 52 = 8*b + d, -3*b + d + r = 0. What is the tens digit of b?
1
What is the tens digit of (2/12 - 0) + 202/12?
1
Let x be (5 - (2 + -3)) + -3. Suppose -2*u - 2*n + 10 = u, -5*u = -x*n - 4. Suppose u*v - 1 = -5, -2*v = 5*w - 101. What is the units digit of w?
1
Let z(k) = -k**3 - 11*k**2 - k - 7. Let s be z(-11). Let p = s - -1. What is the units digit of p?
5
Suppose 0 = 2*q + 8, -r - 2*q + 19 - 50 = 0. Let p = -15 - r. Let a = p - 0. What is the units digit of a?
8
What is the units digit of 11 + -6*(-1)/(-2)?
8
Suppose 0 = -i + 157 + 44. What is the units digit of i?
1
Let v be (-6)/33 + 464/11. Let u be v/(-2) + -1 + 3. Let c = -11 - u. What is the units digit of c?
8
What is the hundreds digit of (1084/(-12))/(-1*2/6)?
2
Suppose 34 = 5*v - 51. What is the units digit of v?
7
Let d(q) = -q - 2. Let a be d(-5). Suppose 8 + 4 = a*f + 3*v, -3*f + 8 = 5*v. What is the units digit of f?
6
Suppose -3*o + 2 + 7 = 0. Let v be (-4)/(-6)*o - 2. Suppose -3*z + 6 = -3*n, -z - 2*n - 2 + 13 = v. What is the units digit of z?
5
Let l(g) = 2*g**3 + 4*g**2 + 4. Let t be l(-4). Let a = t - -33. What is the units digit of (-620)/(-36) + 6/a?
7
What is the tens digit of (-98)/(-4) + (-2)/(-4)?
2
Let a be 25/(-3) + 20/(-30). Let k = 11 + a. What is the units digit of k?
2
Let n(l) = l**3 - l**2 - 2*l**2 + 2 - l + 3*l**2. What is the units digit of n(0)?
2
Let g(o) be the first derivative of -1/2*o**4 - 2 + 1/2*o**2 - o + 0*o**3. What is the units digit of g(-2)?
3
Suppose 3*w + 8 = 4*t, -5*w + 3*t + 7 - 2 = 0. Let r(q) = -q**3 + 4*q**2 - q - 2. Let j be r(w). Let g = 3 - j. What is the units digit of g?
9
Let a be 0 + (-10)/(-1) + -1. Suppose -i + 1 - 2 = 0, -3*r = -2*i - 8. Suppose -3*x + r*x = -a. What is the units digit of x?
9
Suppose 12 = -4*g - 2*k, -4*g - 26 = g - 3*k. Suppose 0 = -x - 3*w - 16, -12 = 5*x - 5*w + 8. Let c = g - x. What is the units digit of c?
3
Let j(c) = 3*c**2 + 8*c**2 + 11*c - c**3 + 2 - 3*c**2. What is the tens digit of j(9)?
2
What is the units digit of -1 - (-339)/4 - 33/(-132)?
4
Suppose -3*a + 7 = -281. What is the units digit of a?
6
Let j(m) = -2*m**3 - 1 + 3*m**3 + 2*m**2 + m**3. Let x be j(-1). What is the tens digit of (57/15)/(x/(-5))?
1
What is the tens digit of ((-11)/3)/(6/(-18))?
1
Let d = -58 + 181. What is the units digit of d?
3
Suppose 4*s - 331 = -3*k + 477, s = 2*k + 213. What is the units digit of s?
5
Suppose -106 - 298 = -4*s. What is the hundreds digit of s?
1
Suppose -2*u + 119 = 3*z - 154, -5*z - 4*u = -455. What is the units digit of z?
1
Let j(n) = -n**3 + 2*n**2 + n - 2. What is the tens digit of j(-3)?
4
What is the units digit of (-1 - (18 + 3))*(-7)/2?
7
Let l(t) = t. Let o be l(5). Suppose 4*d - 15 = m, 5*d - o*m = 19 + 11. Suppose d*b - 8 = -b. What is the units digit of b?
2
Let s(a) = -a**3 + 2*a**2 + 5*a - 4. Let k be s(3). Suppose -k*t - 98 = -5*l, -2*t - 7 = 1. Let i = l + -8. What is the units digit of i?
0
Let f be ((-1720)/20)/(2 - 0). Let m = f - -61. What is the units digit of m?
8
Let h = -9 - -11. Suppose -3*a = 4*t + 2, -h*a - 4*t = -0*t + 8. What is the units digit of a?
6
Let k = -41 + 23. Suppose 3*l + 5*f = -83, -4*l = -3*l + 5*f + 31. Let y = k - l. What is the units digit of y?
8
Let x(l) = -25*l - 7. What is the units digit of x(-4)?
3
Let y = 0 + 1. Let d(b) = -2*b**3 - 13*b**2 - 7*b - 3. Let u be d(-6). What is the units digit of (17 + y)/u - -1?
7
Let b(m) = m**3 + 6*m**2 + 4*m + 3. Let w be b(-4). Suppose 0 = 3*x + s - 159, 3*s = -2*x - w + 118. What is the tens digit of x?
5
Let a be 1 + 2/(4/(-2)). Suppose -f + a*y = -3*y - 48, -4*f - 3*y + 117 = 0. What is the tens digit of f?
3
Let n(i) = -5*i**2 + i - 3. Let s(u) = u**2 - u + 1. Let d(h) = n(h) + 3*s(h). Let f be d(2). What is the tens digit of (4/f)/(2/(-66))?
1
What is the tens digit of 30/6*(-42)/(-15)?
1
Let r = -57 + 404. What is the tens digit of r?
4
Let g = 59 + -36. What is the units digit of g?
3
Let h = -19 - -5. What is the tens digit of 6/(-2) - (h + -3)?
1
Suppose -j = 6 - 8. Suppose 4*i - j*a - 2 - 48 = 0, -5*a - 47 = -4*i. What is the units digit of i?
3
Suppose 0 = -4*g - 5*m + 11, -7 = -3*g - 3*m - 2*m. Suppose g*v - 58 = 2*y, -2*y = -v - 3*y + 19. What is the tens digit of v?
1
Let f(t) = t**3 - 3*t**2 + t + 2. Let y be f(3). Suppose 5*d + 2*b + 41 - 113 = 0, -3*b = y*d - 73. What is the tens digit of d?
1
Let f(k) = k**2 - 7*k + 6. What is the units digit of f(0)?
6
Suppose -4*x - 38 + 4 = -3*u, -4*u = -5*x - 46. Let o be u/6 + (-12)/(-18). Suppose 0 = o*i - c - 25, 2*i + 3*i - c = 41. What is the units digit of i?
8
Let a be 13/4 + (-3)/12. Suppose -4*m = 8, 0 = -b - a*m - 13 - 10. Let g = b + 25. What is the units digit of g?
8
Let i be 39 + (1 - (1 - 0)). Let a = -15 + i. Suppose 4*m - 2 = -y + 3*m, -5*y + 2*m + a = 0. What is the units digit of y?
4
Let m be -1 - 0/(-3) - -77. Let b = -46 + m. What is the tens digit of b?
3
Let v = 42 + -11. What is the tens digit of v?
3
What is the units digit of -3 - 7/(21/(-879))?
0
Let d(l) = 3*l - 2. Let s be d(2). Suppose x = -s*x + 15. What is the units digit of x - -5 - 1*2?
6
Suppose -2*d = -5*d. Let m(n) = n + 15. What is the units digit of m(d)?
5
What is the units digit of (-2 - 24/(-18))*(-582)/4?
7
Suppose 0 = -0*n - 3*n - m + 1, -2*n - 3*m = -3. Suppose -3*z = 9, 4*c - 42 = -n*z + 2*z. What is the units digit of c?
9
Let r = -1 + 6. What is the units digit of (-7 + r)*(-7 + -1)?
6
Let m(g) = -3*g + 74. What is the hundreds digit of m(-13)?
1
Let m = -8 + 11. Suppose m*r - 99 = -0*r. What is the units digit of r?
3
Let h(g) = g**2 + 9*g + 12. Let x be ((-36)/(-15))/(3/(-10)). What is the units digit of h(x)?
4
Suppose i - 20 = 4*n + 2, -3*i + 82 = -4*n. What is the tens digit of i?
3
Let g(m) = 31 + 4 - 3 + 2 - 2*m. What is the units digit of g(0)?
4
Suppose -3*x + 8*x - 10 = 0. Let g = 3 + x. What is the units digit of g?
5
What is the units digit of -3*(3 - (244/3 - 2))?
9
Let a = 5 + -3. Suppose 3*p = -b + 23 - 10, -4*b + a*p = -24. What is the units digit of b?
7
Let l = 12 + 22. What is the units digit of l?
4
Let x be 8 - (4 + 2)/3. Suppose -m + x*m = 195. What is the tens digit of m?
3
What is the units digit of (-8)/2*(-4)/2?
8
Suppose 3*h + 2*h = 3*s + 12, 2*s + 3 = 5*h. Let b = -7 - s. What is the units digit of b?
2
Let k(i) = 4*i**2 + 3*i. Let l be k(-2). Let n be 7/2 - 4/8. Suppose n*o = o + l. What is the units digit of o?
5
Suppose -o + 25 = -5*t, -o + 20 = o - 4*t. Let g(w) = w**3 - w**2 + 3. Let z be g(o). Let u = z - -5. What is the units digit of u?
8
Let p(s) = 